- (-4 - (-5 - -6 - 6)).
0
Evaluate -11 + -1 - (-62 + 45).
5
Evaluate 10 - (-8 + 5) - 5.
8
What is -2 - ((-5 - 0) + (10 + -21 - -9))?
5
What is (-4 - -5) + (3 - 11)?
-7
What is 1 + (12 + -8 - 19 - -6 - 9)?
-17
Calculate (2 - -2) + (97 - 96).
5
-6 + 0 + 0 - (55 - 62)
1
What is (15 - (16 - (-19 + 29))) + (1 - 2)?
8
What is -5 + (-25 - -23) + -1 + 13?
5
15 - (10 - -1) - (9 + (12 - -2))
-19
What is the value of -10 - 3 - (-8 + -14 + 8)?
1
Evaluate -617 - -605 - (-16 + 1 + 1).
2
Calculate (-2 + 7 - -2) + (14 - (43 - 16)).
-6
-4 + 1 + (46 + -78 - -46)
11
(-22 - -12) + 15 - -4
9
(7 - (8 - (0 + -3 + 3))) + -12
-13
Calculate 3 + -2 + 1 + 282 + -263.
21
What is (5 - (-1 + 10)) + (15 - 5 - 4)?
2
17 + (10 - 42) + (0 - -6 - 2)
-11
-10 + -2 + (-26 - -20)
-18
What is 12 + -41 + (-5 - (-10 - (0 - 8)))?
-32
3 + (-25 - -55 - -3)
36
Calculate -23 + 13 + 35 + -31.
-6
Calculate 221 + -235 + -5 + 35.
16
Calculate (-9 + 0 - (-76 + 65)) + -6 + -19.
-23
-10 + (-3 - -14) + (13 - 2 - 0)
12
(2 - (-3 - (6 + -8))) + -2
1
-1 + -5 + 33 + -17 + 4 + -14
0
What is 11 - ((-7 - 3) + 17)?
4
Calculate -15 + 6 - (-13 - (2 - 5 - 5)).
-4
What is 7 - 6 - -28 - (45 + -36)?
20
Calculate 3 + (-5 - -7 - 3 - 3 - 19).
-20
Calculate 7 + (-6 - (8 - 7)).
0
Evaluate 5 - ((-2 - -20) + 2) - (-7 + 8).
-16
3 - (-20 + 32 + -32)
23
Evaluate 35 - (11 - (2 + -8)) - 14.
4
-18 - (0 + -7) - -16
5
What is 0 + -12 + 18 + -17 - (0 + -2)?
-9
What is the value of 10 - (-9 - (-4 - 12 - -5)) - 20?
-12
Evaluate 1 + (3 - 1) + (0 + 0 - 2).
1
What is the value of -182 + 184 - (2 - 11)?
11
What is the value of -6 + 21 + -40 + 28?
3
Calculate -70 + (21 - 4) - -27.
-26
Calculate 1 + 2 + -13 + -8 + 17 + 4.
3
What is the value of (14 - (38 + (-14 - -2))) + 7?
-5
(-9 + (22 - (7 - -3)) - -24) + -2
25
Evaluate 0 - -6 - (15 + 0 + -10 + 9).
-8
Calculate 6 + (0 - (13 - 39)) - -1.
33
Calculate (-5 - (12 - -1)) + 27.
9
Evaluate 14 - (-9 - (2 + -12 + 11)).
24
Evaluate (-22 - (-18 + 4)) + 27 - -6.
25
What is the value of (-2 - 13) + (-4 - 12 - -22)?
-9
What is -3 + 9 + -9 + 26?
23
Calculate 6 + 9 + -24 + 16.
7
Evaluate -10 + (-19 - ((-9 - -20) + -3)) + 11.
-26
What is -1 + 5 + 3 - (63 + -57)?
1
Evaluate 37 - 52 - (-19 + 3).
1
What is -59 + 70 + (0 - 18) + 21?
14
What is the value of 2 - ((-2 - 1) + 36 + (-5 - 16))?
-10
What is the value of (-5 + 27 - 15) + -17?
-10
25 + 10 + -5 + -1 + 9 + -6
32
Evaluate 1 + -6 - (-8 + 32 + -22).
-7
Evaluate 7 - ((-3 - (4 + -5)) + (80 - 75)).
4
What is the value of 2 + (0 - (2 + 0)) + -220 + 218?
-2
(-14 + 7 - -16) + -7
2
What is the value of 7 + -21 + 6 + 5 - 1?
-4
Evaluate (-7 - 5) + (-18 - -28).
-2
What is (-41 - -26) + (32 - -2)?
19
3 + -11 + (12 + -13 - (4 - 1))
-12
What is the value of -21 + (19 - (6 + 2)) + (-9 - 2)?
-21
29 - 23 - 10 - (-1 - 4)
1
Calculate 17 - 9 - (-1 + 27 + -27 + 31).
-22
What is 6 + -9 + (-2 - -6) + 0?
1
What is the value of 28 - (22 - (8 - -10))?
24
What is (1 - -1) + (22 - (18 - -11))?
-5
Calculate 22 - (5 - (0 + (-7 - -5))).
15
What is (-6 - (6 + -3)) + 22 - (2 - 1)?
12
Evaluate 12 - (13 + 7 + -20).
12
What is the value of (2 - -3) + -11 + (9 - 0)?
3
What is the value of -20 - (-27 - 1) - -13?
21
Calculate 1 - 3 - 0 - (6 + -2 + 14).
-20
Calculate -19 + 4 + (-4 - (-14 - 7)).
2
Evaluate (2 - -5) + (-100 - -83).
-10
What is the value of 11 + -36 + 16 + 8?
-1
(45 - 10 - 15) + -28
-8
(3 - (51 - (4 + 10))) + 7
-27
Calculate -13 + 6 - -16 - (-1 - -1 - -12).
-3
0 - (-15 - (-23 + 34))
26
Calculate 3 + -1 + -2 + (-14 - -9).
-5
Calculate ((-5 - (5 + -5)) + -1 - -16) + -24.
-14
Evaluate 16 + (12 - 5) - 18.
5
(-13 - -4) + 6 + -9
-12
Calculate 34 + (-29 - 6) - (-4 - 0).
3
What is the value of 40 + (-26 - -21) + -23?
12
Calculate -2 + (1 - (1 + 10)) + 23.
11
Calculate 7 + -7 + (3 - (-5 - 3)) - -4.
15
Evaluate -4 - -35 - (32 + -9).
8
(0 - -6) + (22 - ((12 - 9) + 13))
12
What is 3 - (-13 - -21 - 8)?
3
Calculate (8 - (-5 + 11)) + -2 + -3 + -1.
-4
What is -6 + -33 - -35 - (-1 + 2 + 5)?
-10
What is the value of 12 + -3 + -9 + -4 + 25?
21
Calculate (4 - 4) + 12 + (-3 - 11).
-2
What is the value of -11 - (-1 + -9 + 15 - 1)?
-15
8 + -7 - 7 - (-10 + -9)
13
Evaluate (168 - 81) + -98 - ((1 - 0) + -8).
-4
Calculate (11 + -12 - -18) + 9 + -7 + 2.
21
Calculate -100 + 94 + (-4 + 6 - 0).
-4
What is the value of -19 + 12 + (6 - (1 - 27))?
25
-3 - 17 - ((124 - 139) + (1 - -19))
-25
Calculate -52 - (0 - (-10 + 27)) - -11.
-24
What is (-8 - 2) + -272 + 264?
-18
What is the value of (-12 - (2 - 10)) + 11 - (13 - -1)?
-7
What is 27 - (-27 - (-19 + -16))?
19
What is -23 + 13 + 10 + -11?
-11
What is -64 + 65 + (-12 - 0) - (-31 + 9)?
11
Evaluate (7 - (1 - 2)) + -6 + 8 + -17.
-7
What is the value of (36 - 35) + 0 + -2 + -11 + 0?
-12
What is the value of -18 + 30 + 10 + -3?
19
What is 2 - 3 - (144 - 114)?
-31
What is (8 - -1) + -1 + 6 - (27 + -29)?
16
Calculate (3 - -1 - (-76 - -64)) + (-6 - -1).
11
Evaluate -20 + 3 + (310 - 319).
-26
What is the value of 5 - (166 + -135 - (6 + 0))?
-20
Evaluate 10 + 7 + (-7 - 0 - 13).
-3
What is the value of -12 + (4 + 7 + -7 - -3)?
-5
Evaluate -5 + -1 + -8 - -13.
-1
34 + -16 + -8 + -19
-9
Evaluate (2 - (-1 + 7 + -6) - -4) + 4.
10
What is -5 + 1 - (4 - 1 - (30 + -26))?
-3
-26 - (-18 - -14 - 7)
-15
What is the value of -3 + 3 + (-2 - 8) + 13?
3
What is -5 + 13 - (-3 - (-4 + 13 - 18))?
2
Calculate 20 - 32 - (-15 + 3 + -4).
4
Calculate 10 - 1 - (9 + -10 + (12 - -18)).
-20
Calculate -28 + 62 + -24 + (19 - 1) + -2.
26
8 + (0 - 2) + 15 + (-23 - -7)
5
Evaluate 59 + -59 + (2 - 3).
-1
Calculate 10 - 2 - (-30 + 53 + (2 - -3)).
-20
Calculate (2 - 1 - -5) + 0 + -2 + -10.
-6
What is the value of -6 + (-3 + 0 - 3)?
-12
What is 1 + (4 - 7) + 4 + (-4 - -7)?
5
Evaluate 3 + 2 + -7 + -10 + 11 + 6.
5
7 - (206 + -181 - (0 + -3))
-21
Calculate 8 + (7 - 7 - 3) - (0 - -16).
-11
Calculate (-3 - 25) + 7 + -4 + 4 + 0.
-21
What is (8 - ((8 - -2) + 3)) + 6 + 1?
2
What is the value of 40 - (34 + -33 + 8)?
31
((-1 - -10) + -5 - (-40 - -21)) + -4
19
Evaluate -12 + 52 + -6 + -8 + 0.
26
What is the value of (-4 - (1 - 1)) + 6 + 3?
5
What is the value of (0 - (-4 + 2)) + -11 + 5?
-4
What is the value of 28 + 34 + -35 + -24?
3
(-22 - -1) + 40 + -36
-17
6 - (9 + 0 + 11 + (-3 - 2))
-9
What is 1 + 14 + -33 + 27 - (-1 + 1)?
9
Calculate 36 - (61 - (-19 + 56)).
12
What is 8 + 2 + (-13 - (4 - 9))?
2
What is 7 - 2 - ((-41 - -17) + 31)?
-2
What is -21 + (-5 - 4) + (-2 - -20)?
-12
Calculate -12 + 1 + (-33 - -67 - 2).
21
What is -49 + 10 + 8 + 16?
-15
What is the value of 21 + 1 + 3 + -13?
12
2 - (2 + 4 - (4 - 6)) - 2
-8
13 - 13 - ((-2 - -7) + -6 + -10)
11
What is the value of 3 + -19 + 5 + 2 + 3 + 15?
9
What is (13 - 5) + -29 + 21?
0
-12 - -5 - (-19 - (-9 - 4)) - 24
-25
What is the value of (-25 + 46 - 56) + 10?
-25
Calculate -9 + 5 - -6 - (0 + 13 + -2).
-9
What is 13 + -14 + 17 + -23?
-7
Calculate -28 + 51 + 4 + -27.
0
Calculate 8 + -10 + -4 + 9.
3
What is (28 + -6 - 38) + (15 - 5)?
-6
(-4 - -4 - -4 - 0) + 22 + -20
6
-16 + 3 + (-111 - -117)
-7
(9 - (-1 + 6)) + -13 + -21
-30
Evaluate (-4 - -1) + -185 + 225.
37
What is 22 + -14 + -1 - 1?
6
What is 4 + 2 - (256 - 260)?
10
(9 - 20) + 5 + -4 + -2
-12
What is the value of 14 + (24 - 47) + -5?
-14
What is the value of 17 - 2 - (-17 + 22)?
10
Calculate -1 - -6 - (-17 + 10).
12
What is the value of (375 - 367) + -7 + 0 + -1 + 7?
7
Evaluate 17 + -17 + -8 - (-3 + 0).
-5
Calculate 318 + -337 - (-4 + 4 + 1).
-20
-12 + -10 + (-5 - (1 + -8))
-20
What is (-1 - -5) + (17 - 29) + 5?
-3
Evaluate 36 + (1 - (6 + (-10 - -5))).
36
-2 + (34 + -2 - 14)
16
What is -16 + 13 + 18 + -3?
12
-12 - (-28 + (19 - 7))
4
What is the value of 15 + (-16 - -7) + -14?
-8
What is the value of 0 - 0 - (271 + -294)?
23
What is -30 + (-13 + -6 - -44)?
-5
Calculate (-5 - 0) + 1 + -72 + 63.
-13
2 + -5 + -12 - -4 - -1
-10
What is -16 - (-9 + 10 - 1) - (4 + 3)?
-23
What is 34 - (-3 + 28 - -3)?
6
What is the value of -64 + -26 + 102 - (-1 - 14)?
27
(9 - 11 - -14) + -2
10
-11 + (9 - -7) - -10
15
What is (11 + -2 - 19) + (8 - 14)?
-16
What is the value of -5 + 23 + (21 - 54)?
-15
What is -113 + 121 - ((1 - 2) + 5)?
4
What is the value of 23 - (38 + (29 - 18))?
-26
Evaluate 305 + -329 - (-1 - 0).
-23
What is the value of -4 - (10 - 1) - (-3 + -4)?
-6
Evaluate 1 + -4 + (-9 + -1 + 2 - -2).
-9
Calculate -202 - -181 - (1 